n base 12?
359
Convert 3142 (base 5) to base 9.
518
13853 (base 10) to base 3
201000002
What is -8477 (base 16) in base 3?
-1201111222
What is -1890 (base 10) in base 4?
-131202
What is -6636 (base 9) in base 6?
-34353
What is 1002003 (base 4) in base 5?
113402
Convert 7154 (base 13) to base 12.
9055
What is 5560 (base 9) in base 3?
12122000
Convert -342 (base 14) to base 9.
-787
1224 (base 7) to base 12
323
-10000000010101 (base 2) to base 14
-2dc9
22a (base 16) to base 9
675
Convert -322123 (base 4) to base 14.
-1511
-2102 (base 4) to base 14
-a6
What is -11417 (base 8) in base 11?
-3736
Convert 46a2 (base 14) to base 11.
9267
What is 431 (base 8) in base 6?
1145
Convert 1202313 (base 4) to base 10.
6327
-218 (base 12) to base 4
-10310
What is -2112102 (base 3) in base 15?
-832
2722 (base 10) to base 5
41342
Convert 43511 (base 6) to base 9.
8227
-2a1 (base 11) to base 9
-432
Convert -16412 (base 7) to base 9.
-6352
What is 2c8 (base 16) in base 8?
1310
What is 251 (base 13) in base 6?
1512
What is 5753 (base 13) in base 15?
395b
Convert 872a (base 15) to base 11.
1a554
Convert -301542 (base 7) to base 4.
-30131133
682 (base 9) to base 12
3a8
What is -10a (base 16) in base 9?
-325
14583 (base 10) to base 14
5459
Convert 4513 (base 8) to base 4.
211023
1240104 (base 5) to base 7
131102
What is d71 (base 16) in base 2?
110101110001
What is -24411 (base 5) in base 15?
-83b
What is 495 (base 13) in base 12?
566
What is -3ac (base 15) in base 14?
-43b
What is -5963 (base 16) in base 5?
-1213013
What is 908 (base 15) in base 8?
3761
What is -629 (base 16) in base 15?
-702
-214001 (base 5) to base 9
-11105
Convert -3123 (base 7) to base 6.
-5023
Convert -4b2 (base 13) to base 7.
-2252
Convert -1022100 (base 4) to base 5.
-123002
Convert 334546 (base 7) to base 5.
3344100
44242 (base 8) to base 4
10202202
Convert -70 (base 8) to base 12.
-48
10022210102 (base 3) to base 8
177663
Convert -1333322 (base 5) to base 12.
-139a1
What is -1922 (base 15) in base 14?
-1da0
What is -70a9 (base 11) in base 2?
-10010011011100
233300 (base 4) to base 7
11624
Convert 10101000101 (base 2) to base 7.
3635
Convert 954 (base 14) to base 8.
3456
Convert -613 (base 14) to base 6.
-5305
What is 3035 (base 8) in base 3?
2010222
Convert -497 (base 12) to base 9.
-847
Convert -2333242 (base 5) to base 4.
-22133003
Convert 15249 (base 15) to base 5.
4134034
What is 100110011010000 (base 2) in base 10?
19664
What is 2b5 (base 13) in base 7?
1263
Convert -21b6 (base 14) to base 11.
-4433
What is 21021012 (base 3) in base 13?
2546
2213000 (base 4) to base 3
112122212
Convert -100100000000011 (base 2) to base 9.
-27253
Convert -8355 (base 15) to base 12.
-1408b
-2124 (base 7) to base 3
-1000220
1141 (base 10) to base 15
511
5465 (base 14) to base 3
202000111
55060 (base 10) to base 12
27a44
-438 (base 15) to base 8
-1671
What is -174332 (base 8) in base 13?
-22cc6
Convert 7848 (base 15) to base 13.
b7b0
Convert 5 (base 6) to base 5.
10
-248 (base 11) to base 9
-356
What is 41556 (base 7) in base 5?
311413
-242 (base 13) to base 2
-110001000
What is 2121 (base 8) in base 16?
451
What is a790 (base 15) in base 8?
105204
10101011111101 (base 2) to base 3
120002121
-125c (base 13) to base 10
-2612
-4873 (base 10) to base 4
-1030021
761 (base 11) to base 10
914
-386 (base 11) to base 5
-3312
Convert 553 (base 6) to base 15.
e3
What is 11000100101 (base 2) in base 7?
4405
-221213 (base 4) to base 14
-d83
Convert 10010 (base 2) to base 16.
12
What is -9bb (base 15) in base 3?
-10000112
Convert -1010001010000101 (base 2) to base 7.
-232204
What is bb32 (base 13) in base 16?
65d3
What is 3247 (base 11) in base 10?
4286
What is 2255 (base 8) in base 2?
10010101101
158 (base 10) to base 15
a8
Convert -10be (base 15) to base 2.
-110111100010
What is 335314 (base 7) in base 8?
164151
-a74c (base 14) to base 4
-13003100
-2321 (base 6) to base 2
-1000101001
-1095 (base 10) to base 15
-4d0
What is 5b7b (base 12) in base 5?
312234
What is -44a (base 11) in base 5?
-4123
Convert -10635 (base 9) to base 12.
-411b
1000010 (base 2) to base 8
102
What is -18a5 (base 12) in base 5?
-44010
13100 (base 4) to base 7
1232
What is 114 (base 13) in base 4?
2322
Convert 3110322 (base 4) to base 5.
414001
-4044 (base 5) to base 3
-201102
What is 98da (base 14) in base 15?
7c8b
6626 (base 7) to base 15
a82
What is -139 (base 14) in base 10?
-247
What is 10110000100 (base 2) in base 15?
642
What is 21300 (base 4) in base 2?
1001110000
1220212210 (base 3) to base 2
1001001110111101
What is ce4 (base 15) in base 13?
1432
-111010110 (base 2) to base 14
-258
What is -102102 (base 4) in base 16?
-492
What is 15567 (base 13) in base 5?
2243401
Convert 111182 (base 9) to base 2.
10000001110111110
What is 458 (base 11) in base 14?
2b1
Convert -103335 (base 6) to base 12.
-4b4b
What is 2412 (base 5) in base 16?
165
-11100011110 (base 2) to base 5
-24242
45241 (base 6) to base 10
6361
Convert -344 (base 6) to base 16.
-88
What is -27277 (base 11) in base 16?
-980d
-2d7 (base 16) to base 5
-10402
Convert -112122 (base 5) to base 11.
-3040
Convert 4640 (base 7) to base 9.
2282
-3253 (base 14) to base 13
-3c60
Convert -27248 (base 9) to base 6.
-221155
-10011000010 (base 2) to base 11
-a08
-f99 (base 16) to base 6
-30253
417 (base 10) to base 13
261
4030 (base 5) to base 11
429
What is 9b (base 15) in base 10?
146
-14465 (base 8) to base 16
-1935
What is -1305 (base 6) in base 5?
-2304
Convert -2311 (base 4) to base 3.
-20201
Convert 2133 (base 12) to base 4.
320313
12413 (base 7) to base 5
101133
511051 (base 7) to base 12
422a7
38b (base 12) to base 4
20123
27a (base 11) to base 13
1c4
What is 2415 (base 6) in base 14?
2dd
What is -202022 (base 4) in base 15?
-9ab
What is -15d (base 16) in base 8?
-535
4241110 (base 5) to base 3
10121221122
1a2b (base 15) to base 11
4291
Convert -1020 (base 10) to base 3.
-1101210
-7855 (base 10) to base 2
-1111010101111
-69aa (base 11) to base 15
-2ad0
303 (base 13) to base 15
240
2622 (base 7) to base 8
1744
What is -10407 (base 10) in base 9?
-15243
Convert -20604 (base 11) to base 2.
-111010100111100
Convert -1a42 (base 15) to base 16.
-1637
What is 202 (base 7) in base 9?
121
Convert -5033 (base 6) to base 4.
-101031
-1525 (base 11) to base 10
-1963
Convert -2747 (base 10) to base 7.
-11003
Convert -12456 (base 8) to base 7.
-21544
Convert -2344 (base 7) to base 8.
-1541
-3322 (base 6) to base 14
-3d0
-100000001110 (base 2) to base 9
-2741
Convert 102 (base 9) to base 4.
1103
What is -370 (base 14) in base 9?
-842
2021220111 (base 3) to base 2
1011000001001010
What is 695 (base 10) in base 16?
2b7
12021 (base 5) to base 4
31312
Convert -12100100 (base 3) to base 5.
-111042
What is 11464 (base 7) in base 8?
5652
Convert -1122102201 (base 3) to base 13.
-11989
-4c (base 14) to base 4
-1010
204 (base 14) to base 3
112200
What is -24c73 (base 13) in base 8?
-204700
Convert 45a (base 12) to base 5.
10041
-1130402 (base 5) to base 3
-1001102200
Convert -30333211 (base 4) to base 5.
-3200341
-523f (base 16) to base 3
-1001212211
12729 (base 14) to base 4
23010001
-190 (base 10) to base 16
-be
Convert b28 (base 12) to base 8.
3120
788 (base 9) to base 14
343
1a (base 12) to base 2
10110
What is -9298 (base 10) in base 15?
-2b4d
Convert -10541 (base 6) to base 7.
-4243
-7424 (base 8) to base 7
-14153
-223 (base 15) to base 11
-3aa
What is 438 (base 13) in base 16?
2d3
Convert 6135 (base 7) to base 16.
855
1184 (base 10) to base 6
5252
Convert 1002121010 (base 3) to base 14.
7c12
What is -1001133 (base 4) in base 15?
-1396
Convert -1bbb (base 13) to base 15.
-13aa
Convert 20044 (base 8) to base 2.
10000000100100
Convert 34430 (base 5) to base 6.
15310
What is -1002202 (base 3) in base 4?
-30203
What is 5940 (base 10) in base 13?
291c
Convert 16550 (base 8) to base 2.
1110101101000
-4300 (base 6) to base 14
-4d6
Convert 26a1 (base 13) to base 14.
2039
Convert -82d (base 16) to base 3.
-2212112
485 (base 14) to base 5
12101
-12100320 (base 4) to base 15
-7906
Convert -17073 (base 8) to base 5.
-221424
Convert -1753 (base 11) to base 8.
-4274
What is a66 (base 12) in base 11?
1160
What is -11210 (base 4) in base 3?
-111012
What is 31232 (base 5) in base 12?
1243
Convert 51a (base 11) to bas